ns digit of k?
6
Suppose 5*h + 2601 = -2*i + 4*i, -2*h = -5*i + 6555. What is the tens digit of i?
1
Suppose -40 = -6*d - 34. What is the units digit of 87/d + (-1)/2*6?
4
Let l be (80/24)/(4/(-6)). What is the tens digit of (-75)/1*(5 - (-31)/l)?
9
Suppose -4*u = 2*a - 44, -5*a + 58 = 5*u - a. Suppose u*p - 192 = 58. What is the units digit of p?
5
Suppose 3*s - 6*s - 525 = 0. Let p = s - -122. Let l = -31 - p. What is the tens digit of l?
2
Suppose -6396 = -2*i - 2*g, 4*g + 4644 - 1461 = i. What is the tens digit of i?
9
Let q be (-1)/((2/10)/(-1)). Let c = 2 + 54. Suppose 3*j = q*j - c. What is the tens digit of j?
2
What is the hundreds digit of ((-24236)/(-365))/((-4)/(-10))?
1
Let i(p) = -2*p**3 - 70*p**2 - 48*p - 56. What is the tens digit of i(-35)?
2
Let p(a) be the first derivative of -a**4/4 + 2*a**3 + 3*a**2/2 - 3*a - 6. Let u be p(3). Let s = -20 + u. What is the tens digit of s?
1
Suppose -5*a + 3*f + 838 = 5*f, -5*a = 5*f - 835. What is the units digit of a?
8
Let a(v) = -3 + 5*v + 5 + 8*v**3 - 3 - 5*v**3. What is the units digit of a(3)?
5
Suppose 0 = 3*u + 3*n - 912, u - 6*u + 1520 = 4*n. What is the units digit of u?
4
Let y(x) = -11*x - 5. Suppose -3*o + 12 = -6*o. What is the units digit of y(o)?
9
Let x = -1988 + 3112. What is the units digit of x?
4
Let k be (-2)/2*(-5 + (-10)/5). Let c(y) = y**3 - 7*y**2 + 15*y - 5. What is the tens digit of c(k)?
0
Let j(y) = 84*y**2 + 7 - 161*y**2 + 8*y + 79*y**2. What is the units digit of j(4)?
1
Suppose -2*k = 2*r - 1477 - 2849, 0 = 3*r + 4*k - 6486. What is the units digit of r?
6
Suppose 0 = -0*z + 2*z - 182. Let x be 6/(-8)*(-7 + z). What is the tens digit of (5 - 1) + (-16 - x)?
5
Let r(u) = 2*u**2 + 26*u + 191. What is the hundreds digit of r(-17)?
3
Let s(d) = d**2 - 6*d + 5. Let w be s(5). Suppose w = 8*g - 3*g - 455. What is the tens digit of g?
9
Let v(t) = -t**2 + t + 5*t**2 + 4 + 5*t**2 - 1. Let g be v(3). Suppose 34 = -i + g. What is the units digit of i?
3
Let b = -277 + 495. What is the units digit of b?
8
Let r(h) = -14*h + 4*h - h**3 + 13*h**2 - 2*h**2. Let s be r(10). Suppose 3 = 5*p + 2*x - 19, x + 4 = s. What is the units digit of p?
6
Let f(o) = 6*o**2 - 4*o - 6. Let l be f(6). Suppose 5*k = -w - l, -2*k = -w - 28 + 101. Let u = k - -56. What is the units digit of u?
9
Let v(r) = r**3 - 28*r**2 + 51*r + 44. What is the units digit of v(26)?
8
Suppose 7 = 4*w + 55. Let t(h) = h**2 - 4*h - 11. Let c be t(w). Suppose -5*m + 3*o - 19 + c = 0, -5*m = 5*o - 130. What is the tens digit of m?
3
Suppose -7*b = -5*v - 2*b + 5, 0 = -3*v + 5*b + 1. Let x be (-18)/(-4) - v/(-4). Suppose 2*a - 4*c = 26 + 14, -a + x*c = -20. What is the units digit of a?
0
Let t = 12 + -7. Suppose -4*z + 17 = 5*c, 2*z - c = -2 + 7. Suppose -g - t*y = -42, -z*g - y = 2*y - 138. What is the tens digit of g?
4
Suppose 19*s - 10241 = -2090. What is the tens digit of s?
2
Let m = 1366 + -878. What is the tens digit of m?
8
Let j(o) = 2*o**2 - 4*o + 2. What is the units digit of j(15)?
2
Let f(p) = 2*p - 5. Let m be f(3). Let r = 20 - m. Suppose -u + 2*u = r. What is the tens digit of u?
1
Let l be 14 - (3*(-3)/9 - -3). Let o(i) be the second derivative of i**5/20 - i**4 + i**3/6 - i**2 - i. What is the tens digit of o(l)?
1
Let u = 113 + -118. Let i(r) = -29*r + 50. What is the hundreds digit of i(u)?
1
Suppose 99 = 13*j - 18. Suppose -q = 2, -8*q = -2*f - j*q + 296. What is the hundreds digit of f?
1
Let d(b) = -b**3 - 5*b**2 + 6*b + 2. Let o(j) = -j**3 + 5*j**2 + 7*j - 13. Let z be o(6). What is the units digit of d(z)?
8
Let r = -46 - 1. Let k = r + 135. What is the units digit of k?
8
Let u(b) = b - 4. Let a be u(10). Let m(p) = p**2 - 4*p - 7. Let r be m(a). What is the units digit of r*6/15*32?
4
Let y = -4568 - -10356. What is the tens digit of y?
8
Let c(s) = -1510*s + 8. What is the tens digit of c(-1)?
1
Let r = -25 - -19. Let j(h) = 4*h + 13 - 3 - 3*h. What is the units digit of j(r)?
4
Let f(p) = -p**3 - p**2 - 5*p. What is the units digit of f(-2)?
4
Suppose 2*j - 1148 = 3*c, j - 140 = c + 433. What is the units digit of j?
1
Let a(b) = -41*b + 3 - 4 - 6 + 15*b**2 - 2*b**2. What is the tens digit of a(5)?
1
What is the units digit of -2*(-1956)/(-24)*-3?
9
Let w = -5 - -10. Let i(t) = w + t - 3*t**2 - 4 + 4*t**2 + 1. What is the units digit of i(-4)?
4
Let s be 3/((-12)/8 - -3). Suppose -x - 4 = o, 0*x - s = 3*o - 2*x. What is the units digit of o*22*(-12)/16?
3
Let h(r) = r**2 + r - 3. Let s be h(-4). Suppose -s*z + 505 = -4*z. What is the units digit of z?
1
Let z be ((-2)/3)/(8/12). Let o be 2 - (z + -16 + -1). What is the units digit of (o/6)/2*3?
5
Suppose -6*l + 49 = -3*l + 2*t, -l + 12 = 5*t. Let u(b) = -b + 17. Let j be u(l). Suppose j = w + m - 34, -5*w = -5*m - 55 - 95. What is the units digit of w?
2
Suppose 15*a - 8273 = 6037. What is the units digit of a?
4
Let t(v) = 3*v - 9. Suppose -3*p - p = -24. What is the units digit of t(p)?
9
Suppose c = -3*i + 2*i + 31, -i + 28 = 2*c. Suppose 14 = 4*u - i. What is the units digit of (-21 + -1)/((-6)/u)?
4
Suppose 0 = 10*m + 108 - 168. Let t(c) = 35*c**2 + 2*c - 1. Let n be t(1). Suppose -m + 0 = -i - 4*w, 4*w = -4*i + n. What is the units digit of i?
0
Suppose 2*b = b + 5. Suppose 0 = b*x - 268 - 137. What is the tens digit of x?
8
Let h(i) = -3*i - 10. Suppose -3*z + p = 47, -z + 0*p = 5*p + 5. Let s be 1/(-3)*(-3 - z). What is the units digit of h(s)?
2
Suppose 0*h + 2*h - 4 = 0. Suppose r + 13 + 5 = h*g, 12 = 3*r. What is the units digit of g?
1
Let f be 2*2/(-4)*2. Let g = f + 7. Suppose g*l - 3*l - 6 = 0. What is the units digit of l?
3
Let h = 4064 + -2312. What is the hundreds digit of h?
7
Let r = -219 + 360. What is the units digit of r?
1
Suppose 2*g = 6*g - 8. Suppose 2*d + 2*y + 0*y + 272 = 0, -3*d - g*y - 407 = 0. What is the tens digit of (-1*2)/(18/d)?
1
Let i(f) = 4*f**2 - 7*f + 10. Let t be i(-10). Let z be ((-60)/(-16))/(3/t). What is the tens digit of ((-2)/3)/((-16)/z)?
2
Let t(i) = -i**2 - 10*i + 10. Let g = 29 + -25. Suppose a = g*a - 2*q + 16, 20 = -5*q. What is the tens digit of t(a)?
2
Suppose -4*g = -4*x - 6576, g + x - 1749 = -113. What is the hundreds digit of g?
6
Let k(g) = 0 - 9 + 0 + 4*g**2 + 3*g + 0*g**2. What is the tens digit of k(-5)?
7
Let d(c) = -1 - c**3 - 5*c**2 - 3 - 6*c + 5. Let j be d(-5). Suppose 4*q - 115 = -3*s, 2*q + j = 3*q + 3*s. What is the units digit of q?
8
Suppose 5*a - 4*g - 807 = 0, 3*a + g = 3*g + 485. Suppose 3*x - a = 2*f, -5*x = -2*f - f - 273. What is the tens digit of x?
5
Suppose -5*z + x + 4 = 0, z + 3*z - 2*x = 2. Let o(y) = 77*y + 4. Let d be o(3). What is the tens digit of z/(-6) + d/6?
3
Let j = 55 + -27. Suppose j + 36 = 4*u. What is the tens digit of u?
1
Let r be (54/(-36))/(3/(-4)). What is the units digit of r/(-11) - 904/(-11)?
2
Suppose 0 = -3*r + 3*z + 30, 4*r - 2*z - 28 = -4*z. Let b(f) = -3*f + r - 3*f - 2. What is the units digit of b(-5)?
6
Suppose 0 = -52*c + 41393 + 28911. What is the units digit of c?
2
Let w(d) be the first derivative of -d**7/840 + d**6/360 + 65*d**4/24 - 2*d**3 - 4. Let o(n) be the third derivative of w(n). What is the tens digit of o(0)?
6
Let y = 4 + 46. Let o = y - 41. What is the units digit of o?
9
Let g(x) = x**2 - 7*x + 6. Let y be g(6). Suppose y = -4*q + 22 + 14. Suppose -4*h + q = -11. What is the units digit of h?
5
Let a(n) = -n**3 - n**2 + 5*n + 448. What is the hundreds digit of a(0)?
4
What is the units digit of 12/(-20) + 18972/20 + -5?
3
Let s(r) = 2*r - 14. Let z(b) = -b**2 + b - 1. Let n(u) = s(u) - z(u). What is the units digit of n(6)?
9
Suppose -3*a + 16*a = 5317. What is the hundreds digit of a?
4
Suppose -5*j + o - 1 = 0, -4*j - 11 = 5*o + 13. What is the tens digit of (10/5 - 28)*j?
2
Suppose -2*o = 6, 3*o - 26 + 73 = f. What is the units digit of f?
8
Let a(p) be the third derivative of 13*p**6/24 + p**5/60 + p**4/12 - p**3/3 + 92*p**2. Suppose 3*o + 6 = h + 20, 8 = 3*h + o. What is the tens digit of a(h)?
6
Let f = 495 + -237. What is the hundreds digit of f?
2
Suppose 4*m = m - 39. Let z = m - -15. Suppose 3*p = z*p + 75. What is the tens digit of p?
7
Suppose 4 - 15 = i. Let w = 9 + -6. Let q = w - i. What is the tens digit of q?
1
Let g = -16 - -19. Suppose -4*w - g*j + 14 = 0, 4*j - 14 = -3*w -